he prime factors of o.
857
Let f(c) = -82*c + 1. Suppose g + 2*x - x = 19, 4*g - 36 = 4*x. Suppose 4*u - d + 5*d = -20, 0 = -4*u - 2*d - g. List the prime factors of f(u).
3, 5, 11
Suppose 0 = 13*b - 399071 + 126630. What are the prime factors of b?
19, 1103
Suppose 2*w - 3*w + 2 = 0. Let g(h) = -h**3 + 41*h**2 + 21*h - 2285. Let f be g(40). Suppose f = j - w. What are the prime factors of j?
157
Suppose -4*o - 12 = -o. Let s be 4 - (-18)/o - 3/(-6). Suppose x + 3*r - 60 = s, -2*x - r = -3*x + 68. What are the prime factors of x?
2, 3, 11
Suppose 5*z - i + 13542 = 7*z, 3*i = 2*z - 13534. Suppose 0*y + 3*y - z = -5*o, 3*o - 4*y = 4091. What are the prime factors of o?
23, 59
Let k(w) = 319*w + 604. What are the prime factors of k(13)?
4751
What are the prime factors of (0 + 12)/(2/(-90)*565/(-10396))?
2, 3, 23
Let k = -2371 - -5769. List the prime factors of k.
2, 1699
Let g(v) = 6*v**2 + 26*v - 22. Let q(s) = 5*s**2 + 26*s - 22. Let y(i) = 6*g(i) - 7*q(i). Let z be y(20). Let d = z - -151. List the prime factors of d.
53
Let j(b) = b**3 + 11*b**2 + 11*b + 14. Let f be j(-10). Suppose 3*r = -f*m + 2*m - 33, -3*m - 47 = 5*r. Let n = 38 - m. What are the prime factors of n?
2, 31
Let a = 11295 + -7903. What are the prime factors of a?
2, 53
Suppose 13*v - 22 + 48 = -39. Let s(x) be the third derivative of -x**6/60 - 7*x**5/60 - 5*x**4/24 - 2*x**3/3 - x**2. What are the prime factors of s(v)?
2, 3
Suppose 4*t + 0*w - 5*w - 7 = 0, 2 = -t + 5*w. List the prime factors of ((-4998)/(-12))/(t/6).
7, 17
What are the prime factors of -4 - (15 - 10 - 6) - (-23220 + -1)?
2, 13, 19, 47
Let x(f) = -44*f**3 + 2*f**2 - 1. Let b be x(-1). Suppose 35*u = b*u - 2110. What are the prime factors of u?
211
Suppose -2*f + 0 = -4. Suppose m = -f*i - 2, 5 = m + 3. Let p(o) = -16*o**3 + o**2 - o - 2. List the prime factors of p(i).
2, 3, 11
Let c(r) = r - 1. Let f(j) = -j**2 + 6*j - 2. Let g(x) = 6*c(x) - f(x). Suppose 6*u - 7*u + 5 = 0. List the prime factors of g(u).
3, 7
Let j(q) = -64*q + 18. Suppose -22*x + 70 = -29*x. What are the prime factors of j(x)?
2, 7, 47
Suppose 24 = 4*h - o, -2*h = -3*o - 11 - 11. Suppose 19376 = -h*f + 33*f. What are the prime factors of f?
2, 173
Let l(z) be the second derivative of 941*z**4/12 - z**3/3 - 2*z**2 + 6*z + 3. List the prime factors of l(1).
5, 11, 17
Suppose -25*s - 2274 = -98499. What are the prime factors of s?
3, 1283
Suppose 1108 + 1292 = 8*v. List the prime factors of v.
2, 3, 5
Let p(v) = -2189*v - 549. What are the prime factors of p(-2)?
7, 547
Let t(i) be the third derivative of 13*i**5/60 - i**4/8 + i**3/3 - 32*i**2. Let y be t(1). What are the prime factors of ((-33)/(-9) - -2)/(4/y)?
17
Let x = -254 - -10184. What are the prime factors of x?
2, 3, 5, 331
Suppose -18*z + 115678 - 46630 = 0. List the prime factors of z.
2, 7, 137
Let k(p) = -670*p + 2359. What are the prime factors of k(-21)?
7, 2347
Let t = 334 - 342. Let j(a) = -a**3 + 3*a**2 - 11*a + 5. What are the prime factors of j(t)?
797
Suppose -106*r + 548832 = -12*r - 750624. What are the prime factors of r?
2, 3
Suppose -5 = 2*f + b, 4*f = -3*b - 0*b - 13. What are the prime factors of (-2 - f) + 747 + (-8 - -4)?
2, 7, 53
List the prime factors of 9 - (-294714)/35 - (15/(-25) - -1).
8429
Let t(f) = 7*f**2 + 56*f + 1541. What are the prime factors of t(-33)?
2, 31, 59
Let v(j) = -156*j + 13. Let q be v(-3). Let c = q - -108. List the prime factors of c.
19, 31
Suppose -9942*z + 9960*z = 22622 + 179410. What are the prime factors of z?
2, 23, 61
Let g(s) = 2*s**2 + 32*s - 321. List the prime factors of g(-68).
43, 157
Let p(n) = -58*n**2 + 51*n**2 + 7*n + 7 - n**3 + 1. List the prime factors of p(-9).
107
Let w(m) = 7516*m - 205. List the prime factors of w(2).
14827
Suppose 2*c - 18 = 3*x, 0 = 3*c - 3*x + 7 - 31. Suppose -3*m = -0 - c. Suppose -o - 5*l = -153, -m*o + 6*o + l = 593. List the prime factors of o.
2, 37
Let g(n) = -21 - 2*n + 19 + 16*n. Suppose -13*o = -9*o - 16. List the prime factors of g(o).
2, 3
Suppose 29*t + 14*t - 355868 = 0. Suppose -14*y = -t - 236. What are the prime factors of y?
2, 19
List the prime factors of ((-4100)/(-492))/(((-2)/3)/(-2 - 444)).
5, 223
Let m(r) = -20*r - 20*r - r**3 + 49*r - r**2 - 17*r. List the prime factors of m(-9).
2, 3, 5
List the prime factors of 11646*((-442)/(-12))/17.
3, 13, 647
List the prime factors of (22 + (-6448)/(-12))/(2/33).
11, 839
Let o be 493150/119 + (-14)/119. Suppose o = -15*n + 29*n. List the prime factors of n.
2, 37
Let j = -10269 + 14534. List the prime factors of j.
5, 853
Let h = -147 - -150. Suppose 679 - 1873 = -h*r. What are the prime factors of r?
2, 199
Let z(b) = -1158*b - 1502. List the prime factors of z(-27).
2, 7, 1063
Suppose 0 = 2*v - 1148 + 268. Suppose -3*l = -5*b - 334, 0*l = -4*l + 4*b + v. Suppose -z - 2*z = -l. List the prime factors of z.
2, 3
Suppose 0 = -157*l + 3702688 + 531288. What are the prime factors of l?
2, 3371
Let w = 15061 + -5132. List the prime factors of w.
9929
Let d(u) = -50*u**2 - 177*u + 5. Let h(n) = 10*n**2 + 35*n - 1. Let m(g) = 2*d(g) + 11*h(g). What are the prime factors of m(8)?
887
Suppose 4*v + 3*j - 12 + 2 = 0, 3*v + j - 5 = 0. Let p be (v - -2)*(-4)/(-3). Suppose 21 = 3*m + 4*s - 9, p*s = 5*m - 50. What are the prime factors of m?
2, 5
Let z(r) = r**2 + 382*r + 580. What are the prime factors of z(71)?
137, 239
Let f = 17 - 9. Suppose -350 = 6*p - f*p + 5*w, -4*w - 16 = 0. List the prime factors of p.
3, 5, 11
Let q(t) = 494*t + 913. List the prime factors of q(26).
13757
Suppose 20*c - 157*c = 247*c - 1008768. What are the prime factors of c?
37, 71
Let c be (-5)/((-1)/3*3). Suppose 10 = -c*y - 0*y. Let w(i) = i**3 + 2*i**2 - 5*i - 3. List the prime factors of w(y).
7
Let n(x) = x**2 + 12*x - 5. Let f be n(17). Suppose -f = -6*t + 274. What are the prime factors of t?
127
Suppose -3*r = -3, -8*m + 59*r - 60*r = -91937. What are the prime factors of m?
2, 13, 17
List the prime factors of 2*(16 + (-277677)/(-18)).
3, 5, 29, 71
Suppose -2*x - 3*w + 7 = 0, x + 5*w = 4*x + 37. Let i be (-4)/8*x + 2. Suppose 0 = -0*g + i*g - 332. What are the prime factors of g?
83
Let m = -127 - -367. Let f = 402 - m. What are the prime factors of f?
2, 3
Let n = -115 - -3877. Suppose 5*z + n = 5*v - 268, -790 = -v + 5*z. List the prime factors of v.
2, 3, 5
Let f(x) = x**3 - 7*x**2 - 10*x + 28. Let n be f(8). Let i(r) be the second derivative of r**4/12 - r**3/3 + 4*r**2 + 2*r. What are the prime factors of i(n)?
2
What are the prime factors of 6/(-27) + (18 - -51)/(54/2708)?
2, 5, 173
Let s(t) = -139*t + 8163. List the prime factors of s(-36).
3, 7, 11, 19
Let c(g) be the second derivative of 5*g**4/3 - g**3/2 - 3*g**2 - 25*g. Let i be c(-2). Let o = -11 + i. List the prime factors of o.
3, 23
Let i = 18118 - -4404. What are the prime factors of i?
2, 11261
Let n(p) = -3*p**2 - 323*p + 88. What are the prime factors of n(-38)?
2, 5, 11, 73
Let l be (-20)/(-2)*603/18. Let t = -325 + l. What are the prime factors of t?
2, 5
List the prime factors of -64537*(8*7/(-154))/2.
2, 5867
Suppose 4*g - 6822 + 739 = 5*s, -2*g + 5*s + 3029 = 0. Let a = -805 + g. List the prime factors of a.
2, 19
Suppose 5*o = h + 3, 0 = -5*h - 4*o + 5*o + 9. Suppose 4*l + h*z - 1258 = 0, 10 = -5*l + z + 1579. List the prime factors of l.
2, 157
Suppose 5*g - 121 = -236. Let y(q) = q**3 + 27*q**2 + 40*q - 78. What are the prime factors of y(g)?
2, 13, 43
Let g = -26 + 57. Let v = g + -35. What are the prime factors of v/14 - (-1970)/35?
2, 7
Suppose 2*f - 229 + 225 = 0. Suppose 3*m - 564 = -5*x + 2889, -f*x - 5*m + 1366 = 0. List the prime factors of x.
3, 7, 11
Let j(r) = 53*r**2 + 109*r**2 - 5*r - 13 + 1 + 2. List the prime factors of j(2).
2, 157
Suppose -3*y = -3*i - 111210, 215*i = -9*y + 213*i + 333663. What are the prime factors of y?
131, 283
Let v(z) = -478*z - 2149. List the prime factors of v(-17).
43, 139
Let k(s) = 274*s + 8507. List the prime factors of k(0).
47, 181
Let l be ((-621)/(-115))/(2/(-10)). Let n(w) = -w**2 - 41*w + 73. List the prime factors of n(l).
11, 41
Let s = 18250 + 229. List the prime factors of s.
17, 1087
Suppose 5*d = 2*b - 11624, -11*d + 9*d + 29002 = 5*b. List the prime factors of b.
2, 3, 967
Let v(f) = -f**3 + 13*f**2 + 14*f + 7. L